61 - 177, 4*g = -8. Suppose 5*b = -7 + o. Let p(r) = 2*r - 9. Let y be p(b). Calculate a(y).
2
Let d(l) = l**2 - 2*l + 1. Suppose 0 = -4*g + y + 2*y, -3*g - 3*y + 21 = 0. Let k be 19/3 + (-4)/(-6). Suppose 8 = -k*p + g*p. Determine d(p).
9
Let b(p) be the third derivative of 1/60*p**5 + 0 - 1/4*p**4 + 5*p**2 + 2/3*p**3 + 0*p. Give b(5).
-1
Let p = 8 - 6. Let d(h) = -8 + p*h + 1 + 0. Calculate d(5).
3
Let h(r) be the second derivative of r**5/120 - r**4/24 - 7*r**3/6 - 6*r. Let i(p) be the second derivative of h(p). Calculate i(0).
-1
Let z(w) = -2*w - 4*w**3 + 8*w**3 - 3*w**3. Calculate z(2).
4
Suppose -18 = -q + 2*w, 3*w - 2*w - 35 = -5*q. Suppose -j + q = 3. Let f(v) = 4 + 2 - 3*v - j. Determine f(2).
-5
Let g(u) = u**3 - 4*u**2 + 4*u - 2. Suppose 5*a - 5 = -w + 6*w, -a - 4*w + 6 = 0. What is g(a)?
-2
Let x(v) be the second derivative of -v**3/3 + 3*v**2 - v. Determine x(6).
-6
Let i(r) = 3*r - 1. Let b be 15/(-10)*8/(-6). Suppose -b*c + 6 = 14. Determine i(c).
-13
Let a(h) be the third derivative of -7*h**6/120 + h**5/12 - 7*h**4/24 + h**3 + 3*h**2. Let b(o) = -o**3 + o**2 - o + 1. Let c(l) = a(l) - 6*b(l). What is c(-1)?
1
Let o = 0 + 0. Let c be -5 - o - (0 + 0). Let a(s) be the second derivative of -s**5/20 - 5*s**4/12 - s**2/2 - 38*s. Determine a(c).
-1
Let i(d) = -2*d - 6. Let a be i(0). Let t(f) = -f - 4. What is t(a)?
2
Let s(q) = 3*q**3 + 13*q - 4 - 12*q + 4. Give s(1).
4
Suppose 5*n = 15, 0 = 3*s + 2*n + n - 12. Let x(u) = 6*u**2 + u**3 + 0*u**3 + u**2 - s. Give x(-7).
-1
Let y(g) = 3*g**2 + 3*g - 3. Let h(j) = -5*j**2 - 5*j + 6. Let c be 9/5*40/12. Let l(p) = c*h(p) + 11*y(p). What is l(-2)?
9
Let q(g) = -5*g**2 + 1. Let k(c) = -2 - 19*c + 20*c - 3. Let s be k(4). Let n be q(s). Let v(r) = -r**3 - 4*r**2 - 2*r - 5. Give v(n).
3
Let o(x) = 17*x + 29. Let u(t) = -4*t - 7. Let h(f) = 2*o(f) + 9*u(f). Let r(l) = l**2 - 11*l - 2. Let c be r(10). Let q = c - -8. What is h(q)?
3
Let x(i) = -2*i + 19. Let t be x(12). Let v(u) = -u + 2. What is v(t)?
7
Let k(n) = n**3 + 3*n**2 - 4. Let p = -1 - -6. Let c = p - 8. What is k(c)?
-4
Suppose 0 = -w + 8 - 7. Let t(z) = -z + 1. What is t(w)?
0
Let n(c) = c - 3. Let s be (-1 - -4) + (-4)/4. Let r = s + -6. Calculate n(r).
-7
Suppose 4*q = q + 9. Let y(c) be the third derivative of c**6/120 - c**5/30 - 5*c**4/24 + c**3/2 + 18*c**2. Determine y(q).
-3
Let r be (24/(-15))/((-1)/5). Let h(o) = -o**2 + 11*o - 10. Determine h(r).
14
Let u = -2 + 6. Suppose 0 = -0*j - 2*j + u. Let g(z) = 14 + 3*z**3 - 4*z**3 - 12. Determine g(j).
-6
Let x(a) be the second derivative of -a**5/20 - 5*a**4/12 - a**3 - a**2/2 + 7*a. Let t(m) = -3*m - 1. Let d be t(1). What is x(d)?
7
Let o(z) = 16*z**2 - 10*z - 15. Let p(i) = 3*i**2 - 2*i - 3. Let n(f) = 2*o(f) - 11*p(f). Let v(x) = -x + 1. Let b be v(3). Give n(b).
-5
Let j(f) be the third derivative of f**6/120 + f**5/20 - f**4/6 - 2*f**3/3 + 45*f**2. What is j(-4)?
-4
Let o(m) = -5*m + 2. Let k(t) = -13*t + 5. Let v(n) = 4*k(n) - 11*o(n). Calculate v(-2).
-8
Suppose 0 = -4*i, -2*j + 5*j + 3*i - 6 = 0. Let z(w) = 2*w + 3*w**3 + 0*w - w**j + 1 + 2*w**2. Give z(-1).
-3
Let i(m) be the second derivative of -5*m - 1/2*m**2 + 0 + 1/6*m**3 + 3/4*m**4. Let r be 0/(-2) - (-1 - 0). Calculate i(r).
9
Let b(z) = -5*z**3 - 8*z**2 + 2*z + 2. Let f be 1 - 3/((-9)/(-6)). Let l(k) = -k**3 - k**2 + k. Let j(m) = f*b(m) + 4*l(m). Give j(-4).
-10
Let f = -49 - -45. Let t(v) = 7*v. Let m(n) = 13*n. Let y(z) = 6*m(z) - 11*t(z). Calculate y(f).
-4
Let w(q) = 2*q - 4. Suppose -2*t - 10 = -5*u, 4*t - 6*t = -3*u + 6. Let s be -14 + (-1 - -3) - -1. Let f be u/s - (-46)/11. What is w(f)?
4
Let t = 61 + -56. Let r(l) = -l**3 + 5*l**2 + 2*l - 2. Give r(t).
8
Suppose -3 + 4 = p. Let b(a) = 80 - 41 - a - 40 + 9*a. What is b(p)?
7
Let k(r) = -r**3 - 1. Let v(z) = 24*z**3 + z**2 + 2*z. Let b(j) = -k(j) + v(j). Determine b(-1).
-25
Let u(j) = -175*j + 176*j - 1 - 11. Calculate u(6).
-6
Let h(l) = l - 3. Suppose 2*f - 1 = 3*d - 18, 0 = 4*d + f - 8. What is h(d)?
0
Let u(r) = r**2 + 2*r - 5. Suppose 3*q - 36 = 3*i, -3*q = -2*q + 5*i. Suppose 4*l + q + 6 = 0. Give u(l).
3
Let v(z) = z**2 - 3*z - 2. Let c(l) = -5*l + 0*l - 4*l - 5 + 3*l**2. Let o(w) = 3*c(w) - 8*v(w). Determine o(4).
5
Let i(k) = 4*k**2 - 4*k + 2. Let z = 13 - 21. Let n be (-8)/(-3) - z/(-12). Give i(n).
10
Let p(k) = -k**2 + k - 3. Let a = 3 - 1. Suppose -3*y - 1 = -4*g + a, g - 4*y - 4 = 0. Determine p(g).
-3
Let g(q) = -1 - 4 + 3*q - 2*q. Suppose -2*k = -3*k + 5. Suppose k*v + 4*h - 11 - 9 = 0, 4*v - h + 5 = 0. Calculate g(v).
-5
Let i(f) = 4*f - 7*f**2 - 3*f - 5 + f**2 + 4. Let v be i(1). Let u(t) = -t**3 - 7*t**2 - 5*t + 2. What is u(v)?
-4
Let o(b) = -4*b - 9. Let p(w) = 5*w + 10. Let d(i) = 6*o(i) + 5*p(i). Give d(-5).
-9
Let v(y) = y**3 + 4*y**2 + 3*y + 5. Let q be v(-3). Let r(f) = f**3 - 6*f**2 + 5*f - 2. What is r(q)?
-2
Let p(z) = -z + 8. Let a(l) = 9*l - 81. Let o(x) = -2*a(x) - 21*p(x). Calculate o(6).
12
Suppose 5*h + 5*m = -15, 12 = -5*h + 5*m - 13. Suppose -1 + 11 = 5*y. Let p(t) = 0*t**2 - t + y + 2*t**2 + 7*t. Give p(h).
10
Let y(b) be the second derivative of -b**3/6 + 5*b**2/2 - 11*b. Let a(c) = -2. Let z(s) = 5*a(s) + 2*y(s). Calculate z(-1).
2
Let a = -3 - -6. Let l(m) = 0*m**2 + m**3 + m**a + 6 + m + m**2 - m**3. What is l(0)?
6
Let r(m) be the third derivative of m**4/12 + m**3/6 - 4*m**2. Calculate r(-2).
-3
Let f(h) = -h**2 - 6 + h - 1 + 4*h + 1. Let m be f(5). Let k(y) = -y**2 - 7*y + 1. Calculate k(m).
7
Let j(k) be the first derivative of -3*k**2/2 - 3*k + 1. Suppose -6 - 10 = -4*w. Suppose -w*m + 7 = 3*i + 24, 0 = 4*m - 2*i + 2. Give j(m).
3
Suppose 0 = -4*b + 3 - 15. Suppose a - 6 - 9 = -3*p, 4*a = -p + 5. Let o(z) = a + 7*z - 4*z + 1. Calculate o(b).
-8
Let z(b) = -b**2 + 3*b + 2. Let x be (-5)/(-5) + 2/1. Suppose -v = 5*p - 2*v - 21, -v + 19 = x*p. Give z(p).
-8
Let l(h) be the third derivative of h**5/60 + 7*h**4/24 - h**3/3 - 13*h**2. Let c be 1/4 - 29/4. Let t be l(c). Let w(z) = z**2 - 3*z - 3. Determine w(t).
7
Let t(m) be the third derivative of -m**7/840 + m**6/40 - m**5/15 + m**4/6 + 2*m**3/3 + 9*m**2. Let l(h) be the first derivative of t(h). Calculate l(8).
4
Let t(f) = f**3 + 14*f**2 - 5. Let g(c) = -2*c + 12. Let b be g(13). Let h be t(b). Let i(y) = y - 1. Calculate i(h).
-6
Let h be (-8)/(-3)*(-9)/(-6). Let c be h*(2 + (-22)/8). Let p(d) = -5 - d + 0*d + 6. Determine p(c).
4
Suppose 2*t + 0*t = 8. Let p(f) be the second derivative of f**5/20 - f**4/3 + f**3/3 - 3*f**2 - 11*f. What is p(t)?
2
Let f(t) = t**3 - 4*t**2 + t - 4. Let g be -1 - 3 - (5 - 13). Let c be f(g). Let h(o) = -o**2 + 18. Calculate h(c).
18
Let y(p) = -24*p + 1. Let v be y(-1). Suppose 5*k = -2*l - v, 5*l + 6 + 4 = 5*k. Let u(z) = z**3 + 2*z**2 - 8*z**2 - 2*z**3 + 2 - 3*z. Give u(l).
-8
Let t(x) = -x - 2. Let n be t(-4). Suppose 2*i + 9 - 29 = n*l, 14 = i + l. Suppose i = -2*y - 0*y. Let d(f) = f**3 + 6*f**2 + 4. Determine d(y).
4
Let f(m) = -4*m - m**3 + 3*m + 3*m**2 + 0*m - 3. Let v(x) = 0*x + 3*x**3 - 7*x**2 + 5*x - 2*x**3 - 3 + 2*x. Let d be v(6). Determine f(d).
-6
Let r(n) be the third derivative of -n**8/4032 + n**7/5040 - n**6/720 + n**5/15 + 5*n**2. Let o(i) be the third derivative of r(i). Calculate o(1).
-5
Let b = 237/4 + -59. Let a(u) be the first derivative of -2/3*u**3 - 2*u - 1 + b*u**4 + 1/2*u**2. What is a(2)?
0
Let k(q) be the second derivative of -q**4/12 - 2*q**3/3 + 5*q**2/2 - 6*q. Give k(-5).
0
Let s = 3 + -1. Suppose o + 2 = r, 4*o = -s*r - 0*r + 28. Let b(i) = i - 3. What is b(r)?
3
Let g = 6 - 9. Let h(u) = -3*u - 2. Determine h(g).
7
Suppose 0 = 4*p + 193 + 227. Let v be p/(-10)*(-4)/(-6). Let k(n) = v*n - 7*n**2 - 7*n. Determine k(-1).
-7
Let u(o) be the second derivative of -o**5/20 + 5*o**4/12 - o**3 + 3*o**2/2 - 3*o. Suppose 4*r + 32 = 3*c, 3*c + 5 = -2*c - 5*r. Give u(c).
-5
Let r(o) = 6*o + 32. Let p(s) = -2*s - 11. Let j(q) = -11*p(q) - 4*r(q). Determine j(-6).
5
Let b(h) = -2*h**2 - 6*h + 1. Let g(r) = 5*r**2 + 17*r - 3. Let q = 1 + -4. Let d(c) = q*g(c) - 8*b(c). Let p be d(2). Let f(s) = -s. Give f(p).
1
Let y(v) be the second derivative of v**3 + v**2/2 - v. Let l(c) = 8*c**2 + 1. Let f be l(1). Let a be ((-2)/3)/((-6)/f). Calculate y(a).
7
Let s(a) = -a**3 + 4*a**2 + 12*a - 9. Let c(r